- -15. Let n(p) = -3*p + 37. Let q be n(16). Let i(x) = -x**3 - 12*x**2 - 14*x + 9. Let z be i(q). What is the greatest common factor of w and z?
6
Let z = -2848 + 3506. Calculate the highest common divisor of 188 and z.
94
Suppose 2*v + 3*v = -5035. Let q = -209 - v. Suppose -q = -6*n + 114. Calculate the highest common divisor of n and 19.
19
Suppose -451*t + 26320 = -339*t. What is the greatest common divisor of t and 13160?
235
Let v(y) = y**2 - 7*y - 10. Let l be (-4)/(10/4 - 3). Let o be v(l). Let f be o*(-2)/(-8) + 188/8. Calculate the highest common divisor of 46 and f.
23
Let x(c) = 2*c + 45. Let u be x(-21). Let s = u - -15. Calculate the highest common factor of s and 6.
6
Let g = 252 - 267. Let y = g + 183. Calculate the highest common factor of y and 24.
24
Suppose 92 = 2*k + 4*o + 432, -5*o - 677 = 4*k. Let h = 276 + k. Calculate the greatest common factor of 36 and h.
36
Let u(a) = -78*a - 4236. Let n be u(-55). Suppose -945 = h - 6*h + l, -h = 2*l - 189. What is the greatest common divisor of n and h?
27
Let x(g) = -g**3 + g**2 + 2*g + 360. Let p be x(0). What is the highest common factor of 23580 and p?
180
Let x(z) = 30*z + 411. Let n be x(114). What is the greatest common factor of n and 3?
3
Let a(g) = -2*g**2 - 19*g - 9. Let l be a(-6). What is the greatest common factor of 24387 and l?
33
Let f be 63/(-420)*-20 + 1 + 696. Calculate the highest common factor of f and 400.
100
Let w be 172/344 - (-622)/4. Suppose -2*c - c - 1034 = -5*m, 0 = m - 2*c - 204. Calculate the greatest common factor of m and w.
52
Suppose -79 = 10*d - 349. Suppose d*h - 3 - 321 = 0. What is the greatest common factor of 24 and h?
12
Suppose 0 = -4*u + 3*y + 8, 75*u - 76*u + 2*y + 2 = 0. Calculate the highest common divisor of 218 and u.
2
Suppose 0 = -0*l - 2*l + 14. Let d(a) = 3*a**2 - 11*a + 10. Let b be d(l). Suppose -80 = -124*y + 120*y. What is the greatest common divisor of b and y?
20
Suppose 0*t = 4*t - 3*j - 64, 5*j - 32 = -4*t. Suppose -7*g - 9046 = 6046. Let l be 1 + t/(-15) + g/(-30). What is the highest common divisor of 18 and l?
18
Let v be 919904/171 + 4/9. Calculate the greatest common factor of v and 20.
20
Suppose 0 = 3*j - 5*o - 38, 3*j + 1103 - 1146 = 4*o. What is the highest common divisor of 375 and j?
3
Let o = 8396 + -8223. Calculate the greatest common factor of 3 and o.
1
Suppose 0 = 61*p - 37*p - 480. Suppose b = -2*r + 6, -3*r + 0*b + b = -14. What is the highest common factor of p and r?
4
Let i be (-7 - (-17)/2) + 1/2. Let f(m) = 9*m**2 - m + 1. Let n be f(i). Calculate the greatest common divisor of n and 7.
7
Let h(m) = m**3 - 11*m**2 + 29*m - 9. Let x be h(9). Let z = -24 + x. Calculate the highest common factor of z and 99.
33
Let p(k) = k**3 - 6*k**2 + 12*k + 2. Let u be p(5). Let v(h) = h**2 - 7*h - 11. Let n be v(-6). Let l = n - u. Calculate the highest common factor of 70 and l.
10
Let s be 270/65 - (-2)/(-13). Let g = -549 + 601. What is the greatest common divisor of g and s?
4
Let l(n) = 255*n - 2. Suppose -4*u + 51 = 47. Let z be (-2 + 1)*(u + -2). Let d be l(z). Calculate the greatest common divisor of 23 and d.
23
Suppose -24*f = 11*f - 21945. Calculate the highest common factor of 15 and f.
3
Suppose -82 = 3*h - 4*u - 957, 4*u + 1156 = 4*h. Calculate the highest common factor of 7587 and h.
281
Let k be (-1)/(-2)*(4 + -5)*2 + 37. Calculate the highest common divisor of k and 1560.
12
Let c = 3 - -7. Let s = -25 - -31. Suppose 0 = -2*i + 4*t + 28, -i + 3*t - 44 = -s*i. What is the highest common factor of c and i?
10
Let n = 120 - 89. Suppose 0 = 12*q - 17*q + 305. Suppose -n = -4*x + q. Calculate the highest common factor of 161 and x.
23
Let h(i) = 911*i - 1804. Let r be h(2). Let b = 6 - -3. Calculate the highest common factor of b and r.
9
Let i(m) = -5*m**2 + 12. Suppose 4*f = -2*c + 10, 9 = 2*f + 3*c - 6. Let x be i(f). Let j = 37 + -25. Calculate the highest common factor of x and j.
12
Let l = 35 + 4. Let n = 1345 - 1254. What is the highest common divisor of l and n?
13
Suppose 0 = -6*k + 206 + 1390. Let i = k - 246. What is the greatest common factor of 60 and i?
20
Let p(o) = 38*o + 382. Let l be p(-9). What is the highest common divisor of 920 and l?
40
Let r(g) = g**2 + 67*g + 155. Let t be r(-65). What is the highest common factor of 2425 and t?
25
Let m(z) = 12*z + 4. Let j be m(2). Suppose n - 80 = -3*r - 5, -2*n = -5*r - 183. Suppose 2*g = 4*g - n. Calculate the greatest common divisor of g and j.
14
Suppose 1248 - 943 = 5*u. What is the greatest common divisor of u and 427?
61
Let z(t) = -29*t - 8. Let l be 2/(3 + 186/(-60)). Let x be z(l). Calculate the highest common factor of 52 and x.
52
Let b(r) = -2*r**2 + 18*r - 10. Let o = 36 + -28. Let n be b(o). Suppose 1232 = 2*l + n*l. What is the highest common factor of l and 14?
14
Suppose -7*u = -15*u + 3096. Suppose -u + 1297 = 7*y. Calculate the highest common factor of y and 26.
26
Let q be 1*5455/4 + 5586/168 + -34. Calculate the highest common divisor of 235 and q.
47
Suppose 4*x + 2354 = 2*a, 9*a = 4*x + 13*a + 2348. Let h = -538 - x. What is the highest common factor of 160 and h?
10
Let j(n) = -3*n - 11. Suppose 7 = -t + 2. Let q be j(t). Let i(s) = -s**3 + 2*s**2 + 7*s + 6. Let l be i(q). What is the greatest common divisor of 1 and l?
1
Suppose -2*s = 0, -z - s + 4 + 20 = 2*z. Calculate the greatest common divisor of 3464 and z.
8
Suppose 17*w - 138 = 66. Let j be (-54)/(-21)*448/w. What is the highest common divisor of 36 and j?
12
Let v be 8 + -2 + (-3 - 1). Let b be 1/(v - (-1545)/(-775)). Let a be -31*5/(-15)*3. Calculate the greatest common factor of b and a.
31
Let q = -17366 - -17370. Calculate the highest common divisor of q and 1124.
4
Suppose 4*s - 1130 = -6*s + 530. Calculate the greatest common factor of 2075 and s.
83
Suppose 2*l = 45 + 11. Let o be (189 + -194 + (-1298)/(-2))/1. Calculate the highest common divisor of l and o.
28
Let c(p) = 257*p - 8943. Let j be c(35). Let r = -572 - -949. Calculate the highest common divisor of j and r.
13
Suppose -6*h + 340 = 5*d - h, -2*d - 5*h = -124. Calculate the highest common factor of d and 2472.
24
Let v be (-45)/(68/8 - 10). Calculate the highest common divisor of 410 and v.
10
Let i be 1 + ((-110)/(-2) - -5). Let y = 83 - i. What is the greatest common divisor of 198 and y?
22
Let r(u) = 16*u - 19. Let l be r(8). Let y = -21 + l. Suppose -12*v = 6*v - 396. What is the highest common factor of v and y?
22
Let a(n) = -167*n + n**2 + 317*n - 170*n + 49. Let j be a(19). Calculate the greatest common factor of j and 10.
10
Suppose 0 = 2*l + 4*l - 3467 + 3407. Calculate the highest common divisor of 355 and l.
5
Let t be 1*((-4)/(-28) + (-157093)/(-203)). Calculate the greatest common factor of 3999 and t.
129
Let p(y) = 91*y + 38. Let x be p(0). What is the highest common factor of 6878 and x?
38
Let k be 2236/(-260)*(0/2 + -5). What is the greatest common factor of 387 and k?
43
Let u(y) = -10*y + 91. Let p(b) = -2*b**3 + 6*b**2 - 3*b + 2. Let m be p(3). Let w be u(m). What is the highest common divisor of 23 and w?
23
Let h be -20 - (-315)/9*17. What is the highest common divisor of h and 7?
1
Let c be (-9 + 9)/(-2 - -5) - -5. Suppose -3*i = 6, -2*m + 22 = 6*i - 7*i. Calculate the greatest common divisor of c and m.
5
Let h be (-44)/55 - 9802/(-65). What is the greatest common divisor of h and 6150?
150
Let c = -116 - -156. Suppose -52*v - 16 = -56*v, 5*f + 4*v = 66. What is the greatest common divisor of f and c?
10
Suppose 0 = 35*m - 33*m - 5*p - 626, -2*m = -p - 618. Calculate the greatest common factor of m and 252.
28
Let x(r) = -363*r + 18. Let w(z) = 3633*z - 180. Let u(d) = -2*w(d) - 21*x(d). Let g be u(3). Calculate the highest common divisor of 13 and g.
13
Let h(b) = -b**2 - 23*b - 58. Let l be h(-16). Let f be (60/70)/(2/14). Calculate the highest common factor of l and f.
6
Suppose 0 = -2*u - 55 + 99. Suppose b - u + 8 = 0. Let o(z) = -z**2 - 9*z + 1. Let w be o(-5). What is the greatest common divisor of b and w?
7
Suppose -54 = 223*n - 232*n. What is the highest common divisor of n and 1338?
6
Let b be (-17)/((-255)/(-900))*(-4)/6. Suppose b = u - 2*w - 0*w, -u + 41 = -w. Calculate the highest common divisor of 102 and u.
6
Let h(w) = 64*w + 34. Let 